
{"id":1739,"date":"2022-08-03T00:06:07","date_gmt":"2022-08-02T22:06:07","guid":{"rendered":"https:\/\/vincentbernhardt.org\/en\/event\/une-celebration-francaise-en-europe\/"},"modified":"2022-08-03T00:27:16","modified_gmt":"2022-08-02T22:27:16","slug":"une-celebration-francaise-en-europe","status":"publish","type":"tribe_events","link":"https:\/\/vincentbernhardt.org\/en\/event\/une-celebration-francaise-en-europe\/","title":{"rendered":"Une c\u00e9l\u00e9bration fran\u00e7aise en Europe"},"content":{"rendered":"<p>La Senna festeggiante RV 693 by Vivaldi&sbquo; and La France&sbquo; from L&#8217;Europe galante by Campra&sbquo; conducted by Vincent Bernhardt.<\/p>\n","protected":false},"excerpt":{"rendered":"<p>La Senna festeggiante RV 693 by Vivaldi&sbquo; and La France&sbquo; from L&#8217;Europe galante by Campra&sbquo; conducted by Vincent Bernhardt.<\/p>\n","protected":false},"author":2,"featured_media":0,"template":"","meta":{"_tribe_events_status":"","_tribe_events_status_reason":"","footnotes":""},"tags":[],"tribe_events_cat":[],"class_list":["post-1739","tribe_events","type-tribe_events","status-publish","hentry"],"_links":{"self":[{"href":"https:\/\/vincentbernhardt.org\/en\/wp-json\/wp\/v2\/tribe_events\/1739","targetHints":{"allow":["GET"]}}],"collection":[{"href":"https:\/\/vincentbernhardt.org\/en\/wp-json\/wp\/v2\/tribe_events"}],"about":[{"href":"https:\/\/vincentbernhardt.org\/en\/wp-json\/wp\/v2\/types\/tribe_events"}],"author":[{"embeddable":true,"href":"https:\/\/vincentbernhardt.org\/en\/wp-json\/wp\/v2\/users\/2"}],"version-history":[{"count":1,"href":"https:\/\/vincentbernhardt.org\/en\/wp-json\/wp\/v2\/tribe_events\/1739\/revisions"}],"predecessor-version":[{"id":1784,"href":"https:\/\/vincentbernhardt.org\/en\/wp-json\/wp\/v2\/tribe_events\/1739\/revisions\/1784"}],"wp:attachment":[{"href":"https:\/\/vincentbernhardt.org\/en\/wp-json\/wp\/v2\/media?parent=1739"}],"wp:term":[{"taxonomy":"post_tag","embeddable":true,"href":"https:\/\/vincentbernhardt.org\/en\/wp-json\/wp\/v2\/tags?post=1739"},{"taxonomy":"tribe_events_cat","embeddable":true,"href":"https:\/\/vincentbernhardt.org\/en\/wp-json\/wp\/v2\/tribe_events_cat?post=1739"}],"curies":[{"name":"wp","href":"https:\/\/api.w.org\/{rel}","templated":true}]}}

Une célébration française en Europe
