
{"id":416,"date":"2018-04-17T13:41:10","date_gmt":"2018-04-17T11:41:10","guid":{"rendered":"http:\/\/vincentbernhardt.org\/event\/concert-conference-sur-atys-de-lully\/"},"modified":"2018-04-17T13:41:10","modified_gmt":"2018-04-17T11:41:10","slug":"concert-conference-sur-atys-de-lully","status":"publish","type":"tribe_events","link":"https:\/\/vincentbernhardt.org\/en\/event\/concert-conference-sur-atys-de-lully\/","title":{"rendered":"Concert-conf\u00e9rence sur Atys de Lully"},"content":{"rendered":"<p>avec Anne Verdier- conf\u00e9renci\u00e8re- et Les discours enchant\u00e9s<\/p>\n","protected":false},"excerpt":{"rendered":"<p>avec Anne Verdier- conf\u00e9renci\u00e8re- et Les discours enchant\u00e9s<\/p>\n","protected":false},"author":2,"featured_media":0,"template":"","meta":{"_tribe_events_status":"","_tribe_events_status_reason":"","footnotes":""},"tags":[],"tribe_events_cat":[8],"class_list":["post-416","tribe_events","type-tribe_events","status-publish","hentry","tribe_events_cat-saison-2017-2018","cat_saison-2017-2018"],"_links":{"self":[{"href":"https:\/\/vincentbernhardt.org\/en\/wp-json\/wp\/v2\/tribe_events\/416","targetHints":{"allow":["GET"]}}],"collection":[{"href":"https:\/\/vincentbernhardt.org\/en\/wp-json\/wp\/v2\/tribe_events"}],"about":[{"href":"https:\/\/vincentbernhardt.org\/en\/wp-json\/wp\/v2\/types\/tribe_events"}],"author":[{"embeddable":true,"href":"https:\/\/vincentbernhardt.org\/en\/wp-json\/wp\/v2\/users\/2"}],"version-history":[{"count":0,"href":"https:\/\/vincentbernhardt.org\/en\/wp-json\/wp\/v2\/tribe_events\/416\/revisions"}],"wp:attachment":[{"href":"https:\/\/vincentbernhardt.org\/en\/wp-json\/wp\/v2\/media?parent=416"}],"wp:term":[{"taxonomy":"post_tag","embeddable":true,"href":"https:\/\/vincentbernhardt.org\/en\/wp-json\/wp\/v2\/tags?post=416"},{"taxonomy":"tribe_events_cat","embeddable":true,"href":"https:\/\/vincentbernhardt.org\/en\/wp-json\/wp\/v2\/tribe_events_cat?post=416"}],"curies":[{"name":"wp","href":"https:\/\/api.w.org\/{rel}","templated":true}]}}

Concert-conférence sur Atys de Lully

<p>avec Anne Verdier- conférencière- et Les discours enchantés</p>
